{"id":1126,"date":"2021-03-25T23:22:00","date_gmt":"2021-03-26T04:22:00","guid":{"rendered":"https:\/\/leonesmonarcasantarosa.org\/?page_id=1126"},"modified":"2021-04-13T01:16:31","modified_gmt":"2021-04-13T06:16:31","slug":"hambre","status":"publish","type":"page","link":"https:\/\/leonesmonarcasantarosa.org\/?page_id=1126","title":{"rendered":"Hambre"},"content":{"rendered":"<div class=\"wpb-content-wrapper\">[vc_row full_width=\u00bbstretch_row_content\u00bb][vc_column]\n\t\t\t<!-- START hambre REVOLUTION SLIDER 6.6.14 --><p class=\"rs-p-wp-fix\"><\/p>\n\t\t\t<rs-module-wrap id=\"rev_slider_5_1_wrapper\" data-source=\"gallery\" style=\"visibility:hidden;background:transparent;padding:0;margin:0px auto;margin-top:0;margin-bottom:0;\">\n\t\t\t\t<rs-module id=\"rev_slider_5_1\" style=\"\" data-version=\"6.6.14\">\n\t\t\t\t\t<rs-slides style=\"overflow: hidden; position: absolute;\">\n\t\t\t\t\t\t<rs-slide style=\"position: absolute;\" data-key=\"rs-8\" data-title=\"Slide\" data-anim=\"ms:1000;r:0;\" data-in=\"o:0;\" data-out=\"a:false;\">\n\t\t\t\t\t\t\t<img decoding=\"async\" src=\"\/\/leonesmonarcasantarosa.org\/wp-content\/plugins\/revslider_\/public\/assets\/assets\/dummy.png\" alt=\"\" title=\"BannerHambre\" width=\"1920\" height=\"698\" class=\"rev-slidebg tp-rs-img rs-lazyload\" data-lazyload=\"\/\/leonesmonarcasantarosa.org\/wp-content\/uploads\/2021\/03\/BannerHambre-1.jpg\" data-bg=\"f:contain;\" data-no-retina>\n<!--\n\t\t\t\t\t\t\t--><rs-layer\n\t\t\t\t\t\t\t\tid=\"slider-5-slide-8-layer-0\" \n\t\t\t\t\t\t\t\tdata-type=\"text\"\n\t\t\t\t\t\t\t\tdata-color=\"#ffffff\"\n\t\t\t\t\t\t\t\tdata-rsp_ch=\"on\"\n\t\t\t\t\t\t\t\tdata-xy=\"x:260px;y:497px;\"\n\t\t\t\t\t\t\t\tdata-text=\"w:normal;s:86;l:80;fw:500;\"\n\t\t\t\t\t\t\t\tdata-frame_999=\"o:0;st:w;\"\n\t\t\t\t\t\t\t\tstyle=\"z-index:5;font-family:'Arial', 'Helvetica', 'sans-serif';\"\n\t\t\t\t\t\t\t>HAMBRE \n\t\t\t\t\t\t\t<\/rs-layer><!--\n\n\t\t\t\t\t\t\t--><rs-layer\n\t\t\t\t\t\t\t\tid=\"slider-5-slide-8-layer-1\" \n\t\t\t\t\t\t\t\tdata-type=\"text\"\n\t\t\t\t\t\t\t\tdata-color=\"transparent\"\n\t\t\t\t\t\t\t\tdata-rsp_ch=\"on\"\n\t\t\t\t\t\t\t\tdata-xy=\"x:264px;y:558px;\"\n\t\t\t\t\t\t\t\tdata-text=\"w:normal;s:31;l:27;fw:100;\"\n\t\t\t\t\t\t\t\tdata-dim=\"h:27px;\"\n\t\t\t\t\t\t\t\tdata-border=\"bos:solid;boc:#e6b200;bow:0,0,6px,0;\"\n\t\t\t\t\t\t\t\tdata-frame_999=\"o:0;st:w;\"\n\t\t\t\t\t\t\t\tstyle=\"z-index:6;font-family:'Roboto';\"\n\t\t\t\t\t\t\t>.................. \n\t\t\t\t\t\t\t<\/rs-layer><!--\n-->\t\t\t\t\t\t<\/rs-slide>\n\t\t\t\t\t<\/rs-slides>\n\t\t\t\t<\/rs-module>\n\t\t\t\t<script>\n\t\t\t\t\tsetREVStartSize({c: 'rev_slider_5_1',rl:[1240,1024,778,480],el:[700],gw:[1920],gh:[700],type:'standard',justify:'',layout:'fullwidth',mh:\"0\"});if (window.RS_MODULES!==undefined && window.RS_MODULES.modules!==undefined && window.RS_MODULES.modules[\"revslider51\"]!==undefined) {window.RS_MODULES.modules[\"revslider51\"].once = false;window.revapi5 = undefined;if (window.RS_MODULES.checkMinimal!==undefined) window.RS_MODULES.checkMinimal()}\n\t\t\t\t<\/script>\n\t\t\t<\/rs-module-wrap>\n\t\t\t<!-- END REVOLUTION SLIDER -->\n[\/vc_column][\/vc_row][vc_row css=\u00bb.vc_custom_1617175887229{background-position: center !important;background-repeat: no-repeat !important;background-size: contain !important;}\u00bb][vc_column offset=\u00bbvc_hidden-xs\u00bb][vc_row_inner css=\u00bb.vc_custom_1617175897275{background-color: #ffffff !important;}\u00bb][vc_column_inner width=\u00bb1\/2&#8243;][vc_single_image image=\u00bb1461&#8243; img_size=\u00bbfull\u00bb css=\u00bb.vc_custom_1617175834694{margin-top: -35px !important;margin-bottom: 1px !important;margin-left: -18px !important;}\u00bb][\/vc_column_inner][vc_column_inner width=\u00bb1\/2&#8243; css=\u00bb.vc_custom_1617176724667{padding-left: 50px !important;}\u00bb][vc_column_text css=\u00bb.vc_custom_1617176900947{margin-top: 100px !important;padding-right: 100px !important;}\u00bb]\n<h2><img loading=\"lazy\" decoding=\"async\" class=\"alignleft wp-image-1129\" src=\"https:\/\/leonesmonarcasantarosa.org\/wp-content\/uploads\/2021\/03\/icono-hambre.jpg\" alt=\"\" width=\"60\" height=\"57\" \/>Datos sobre el hambre<\/h2>\n[\/vc_column_text][vc_column_text]<span style=\"font-weight: 400; font-size: 14px;\"><br \/>\n<span style=\"color: #000000;\">Servimos para mejorar el florecimiento humano. Vemos c\u00f3mo la crisis mundial del hambre y la nutrici\u00f3n afecta a nuestras comunidades locales, y creemos que la verdadera mejora de la comunidad depende de la prosperidad de sus miembros.<\/span><\/span>[\/vc_column_text][\/vc_column_inner][\/vc_row_inner][vc_row_inner css=\u00bb.vc_custom_1618293953491{margin-top: 30px !important;background-color: #ffffff !important;}\u00bb][vc_column_inner width=\u00bb1\/2&#8243; css=\u00bb.vc_custom_1617176274322{margin-left: 30px !important;}\u00bb][vc_column_text css=\u00bb.vc_custom_1617176717946{margin-top: 30px !important;padding-right: 100px !important;}\u00bb]\n<h2><img loading=\"lazy\" decoding=\"async\" class=\"alignleft wp-image-1129\" src=\"https:\/\/leonesmonarcasantarosa.org\/wp-content\/uploads\/2021\/03\/icono-hambre.jpg\" alt=\"\" width=\"60\" height=\"57\" \/>Estad\u00edsticas globales<\/h2>\n[\/vc_column_text][vc_column_text]<span style=\"font-weight: 400; font-size: 14px; color: #000000;\"><br \/>\n-815 millones de personas afectadas por el hambre en 2016: el 11% de la poblaci\u00f3n mundial<\/span><\/p>\n<p><span style=\"font-weight: 400; font-size: 14px; color: #000000;\">-155 millones de ni\u00f1os menores de cinco a\u00f1os sufren retraso en el crecimiento debido a la desnutrici\u00f3n cr\u00f3nica<\/span><\/p>\n<p><span style=\"font-weight: 400; font-size: 14px; color: #000000;\">-1\/3 de la producci\u00f3n anual de alimentos se pierde o desperdicia a lo largo de la cadena de suministro<\/span><\/p>\n<p><span style=\"font-weight: 400; font-size: 14px; color: #000000;\">-El 33% de las mujeres en edad reproductiva padecen anemia<\/span>[\/vc_column_text][\/vc_column_inner][vc_column_inner width=\u00bb1\/2&#8243;][vc_single_image image=\u00bb1462&#8243; img_size=\u00bbfull\u00bb css=\u00bb.vc_custom_1617176817145{margin-top: -35px !important;margin-right: 35px !important;margin-bottom: 1px !important;}\u00bb][\/vc_column_inner][\/vc_row_inner][vc_row_inner css=\u00bb.vc_custom_1618293962182{margin-top: 30px !important;background-color: #ffffff !important;}\u00bb][vc_column_inner width=\u00bb1\/2&#8243;][vc_single_image image=\u00bb1463&#8243; img_size=\u00bbfull\u00bb css=\u00bb.vc_custom_1617176229391{margin-top: -35px !important;margin-bottom: 1px !important;margin-left: -18px !important;}\u00bb][\/vc_column_inner][vc_column_inner width=\u00bb1\/2&#8243; css=\u00bb.vc_custom_1617176491058{margin-right: 30px !important;padding-left: 50px !important;}\u00bb][vc_column_text css=\u00bb.vc_custom_1617176872583{margin-top: 40px !important;}\u00bb]<span style=\"font-weight: 400; font-size: 16px; color: #000000;\"><strong>Colombia<\/strong><\/span><\/p>\n<p><span style=\"font-weight: 400; font-size: 14px; color: #000000;\">-Seg\u00fan el Programa Mundial de Alimentos, m\u00e1s de 10 millones de habitantes en el pa\u00eds tienen un consumo insuficiente de alimentos.<\/span><\/p>\n<p><span style=\"font-weight: 400; font-size: 14px; color: #000000;\">-15 de Octubre de 2020, en la conmemoraci\u00f3n del D\u00eda mundial de la Alimentaci\u00f3n, los 22 bancos de alimentos del pa\u00eds presentaron un balance preocupante sobre la situaci\u00f3n de hambre en Colombia. Aseguraron que m\u00e1s de <\/span><\/p>\n<p><span style=\"font-weight: 400; font-size: 14px; color: #000000;\">-2,7 millones de colombianos sufren de hambre cr\u00f3nica, situaci\u00f3n que empeor\u00f3 con la pandemia.<br \/>\n<\/span><\/p>\n<p><span style=\"font-weight: 400; font-size: 14px; color: #000000;\">-De acuerdo con datos del Programa Mundial de Alimentos, a octubre de 2020, 10,9 millones de colombianos tienen un consumo insuficiente de alimentos, cifra que durante los meses de agosto y septiembre alcanz\u00f3 los 12 millones.<\/span>[\/vc_column_text][\/vc_column_inner][\/vc_row_inner][vc_row_inner css=\u00bb.vc_custom_1618293967842{margin-top: 30px !important;background-color: #ffffff !important;}\u00bb][vc_column_inner width=\u00bb1\/2&#8243; css=\u00bb.vc_custom_1617176298509{margin-left: 30px !important;}\u00bb][vc_column_text css=\u00bb.vc_custom_1617176685806{margin-top: 50px !important;padding-right: 100px !important;}\u00bb]\n<h2><img loading=\"lazy\" decoding=\"async\" class=\"alignleft wp-image-1129\" src=\"https:\/\/leonesmonarcasantarosa.org\/wp-content\/uploads\/2021\/03\/icono-hambre.jpg\" alt=\"\" width=\"60\" height=\"57\" \/>\u00bfEn qu\u00e9 consiste el programa?<\/h2>\n[\/vc_column_text][vc_column_text]<span style=\"font-weight: 400; font-size: 14px; color: #000000;\">Los Leones y Leos sirven para mejorar el florecimiento humano, y vemos c\u00f3mo la crisis mundial del hambre y la nutrici\u00f3n afecta a nuestras comunidades locales. Creemos que la mejora de la comunidad depende de la prosperidad de sus miembros.<\/span><\/p>\n<p><span style=\"font-weight: 400; font-size: 14px; color: #000000;\">\u00a1Tenemos un plan! Nuestro objetivo estrat\u00e9gico es asegurarnos de que todos los miembros de la comunidad tengan acceso a alimentos nutritivos.<\/span><br \/>\n[\/vc_column_text][\/vc_column_inner][vc_column_inner width=\u00bb1\/2&#8243;][vc_single_image image=\u00bb1462&#8243; img_size=\u00bbfull\u00bb css=\u00bb.vc_custom_1617176828439{margin-top: -35px !important;margin-right: 35px !important;margin-bottom: 1px !important;}\u00bb][\/vc_column_inner][\/vc_row_inner][vc_row_inner css=\u00bb.vc_custom_1618293975004{margin-top: 30px !important;background-color: #ffffff !important;}\u00bb][vc_column_inner width=\u00bb1\/2&#8243;][vc_single_image image=\u00bb1461&#8243; img_size=\u00bbfull\u00bb css=\u00bb.vc_custom_1617175834694{margin-top: -35px !important;margin-bottom: 1px !important;margin-left: -18px !important;}\u00bb][\/vc_column_inner][vc_column_inner width=\u00bb1\/2&#8243; css=\u00bb.vc_custom_1617176395398{padding-left: 50px !important;}\u00bb][vc_column_text css=\u00bb.vc_custom_1617176672937{margin-top: 50px !important;}\u00bb]<span style=\"font-weight: 400; font-size: 14px; color: #000000;\">\u00bfSab\u00edas qu\u00e9?<\/span><\/p>\n<p><span style=\"font-weight: 400; font-size: 14px; color: #000000;\">M\u00e1s de 820 millones de personas en todo el mundo padecen hambre cr\u00f3nica y el n\u00famero ha aumentado constantemente en los \u00faltimos a\u00f1os? Los Leones est\u00e1n trabajando para combatir el hambre y LCIF ofrece su apoyo para lograr un gran impacto. Con una subvenci\u00f3n de LCIF Hunger, los Leones pueden tener un impacto de muchas formas diferentes. Pueden establecer un programa de alimentaci\u00f3n escolar para garantizar que los ni\u00f1os tengan la nutrici\u00f3n adecuada para que puedan concentrarse en la escuela. Pueden establecer comedores comunitarios o despensas para proporcionar alimentos a quienes tienen hambre. Los Leones tambi\u00e9n pueden comprar veh\u00edculos que entreguen alimentos a las personas mayores confinadas en sus hogares.<\/span>[\/vc_column_text][\/vc_column_inner][\/vc_row_inner][\/vc_column][\/vc_row][vc_row css=\u00bb.vc_custom_1617176126254{margin-top: 40px !important;margin-bottom: 50px !important;}\u00bb][vc_column offset=\u00bbvc_hidden-xs\u00bb][vc_row_inner][vc_column_inner width=\u00bb1\/3&#8243;][\/vc_column_inner][vc_column_inner width=\u00bb1\/3&#8243;][mvc_advanced_button align=\u00bbcenter\u00bb icon_position=\u00bbright\u00bb btn_text=\u00bbConoce m\u00e1s\u00bb padding_top=\u00bb15&#8243; btn_size=\u00bb25&#8243; icon_size=\u00bb25&#8243; use_theme_fonts=\u00bbyes\u00bb btn_icon=\u00bbfas fa-caret-down\u00bb btn_clr=\u00bb#ffffff\u00bb btn_bg=\u00bb#0d2240&#8243; btn_hvrclr=\u00bb#ffffff\u00bb btn_hvrbg=\u00bb#0d2240&#8243; btn_radius=\u00bb5&#8243; btn_url=\u00bburl:https%3A%2F%2Fleonesmonarcasantarosa.org%2Fsalvando-100-vidas%2F|title:Salvando%20100%20Vidas||\u00bb][\/vc_column_inner][vc_column_inner width=\u00bb1\/3&#8243;][\/vc_column_inner][\/vc_row_inner][vc_row_inner css=\u00bb.vc_custom_1616734071776{margin-top: 50px !important;}\u00bb][vc_column_inner width=\u00bb1\/6&#8243;][\/vc_column_inner][vc_column_inner width=\u00bb1\/3&#8243;][mvc_advanced_button align=\u00bbcenter\u00bb btn_text=\u00bbApoya esta causa <strong>Donar<\/strong>\u00bb padding_top=\u00bb15&#8243; padding_left=\u00bb100&#8243; btn_size=\u00bb20&#8243; use_theme_fonts=\u00bbyes\u00bb btn_clr=\u00bb#000000&#8243; btn_bg=\u00bb#e6b200&#8243; btn_hvrclr=\u00bb#000000&#8243; btn_hvrbg=\u00bb#e6b200&#8243; btn_radius=\u00bb5&#8243; btn_url=\u00bburl:https%3A%2F%2Fleonesmonarcasantarosa.org%2Fdonar%2F|title:Donar||\u00bb][\/vc_column_inner][vc_column_inner width=\u00bb1\/3&#8243;][mvc_advanced_button align=\u00bbcenter\u00bb btn_text=\u00bb\u00bfQuieres conocer m\u00e1s? <strong>Escr\u00edbenos<\/strong>\u00bb padding_top=\u00bb15&#8243; padding_left=\u00bb70&#8243; btn_size=\u00bb20&#8243; use_theme_fonts=\u00bbyes\u00bb btn_clr=\u00bb#000000&#8243; btn_bg=\u00bb#ff5100&#8243; btn_hvrclr=\u00bb#000000&#8243; btn_hvrbg=\u00bb#ff5100&#8243; btn_radius=\u00bb5&#8243; btn_url=\u00bburl:https%3A%2F%2Fleonesmonarcasantarosa.org%2Fcontactanos%2F|title:Cont%C3%A1ctanos||\u00bb][\/vc_column_inner][vc_column_inner width=\u00bb1\/6&#8243;][\/vc_column_inner][\/vc_row_inner][\/vc_column][\/vc_row][vc_row full_width=\u00bbstretch_row_content\u00bb css=\u00bb.vc_custom_1618294262039{background-position: center !important;background-repeat: no-repeat !important;background-size: contain !important;}\u00bb][vc_column offset=\u00bbvc_hidden-lg vc_hidden-md vc_hidden-sm\u00bb][vc_row_inner css=\u00bb.vc_custom_1617175897275{background-color: #ffffff !important;}\u00bb][vc_column_inner width=\u00bb1\/2&#8243;][vc_single_image image=\u00bb1461&#8243; img_size=\u00bbfull\u00bb css=\u00bb.vc_custom_1618294291056{margin-bottom: 1px !important;}\u00bb][\/vc_column_inner][vc_column_inner width=\u00bb1\/2&#8243;][vc_column_text]\n<h3><img loading=\"lazy\" decoding=\"async\" class=\"alignleft wp-image-1129\" src=\"https:\/\/leonesmonarcasantarosa.org\/wp-content\/uploads\/2021\/03\/icono-hambre.jpg\" alt=\"\" width=\"60\" height=\"57\" \/>Datos sobre el hambre<\/h3>\n[\/vc_column_text][vc_column_text css=\u00bb.vc_custom_1618294281572{padding-right: 20px !important;padding-left: 20px !important;}\u00bb]<span style=\"font-weight: 400; font-size: 14px;\"><br \/>\n<span style=\"color: #000000;\">Servimos para mejorar el florecimiento humano. Vemos c\u00f3mo la crisis mundial del hambre y la nutrici\u00f3n afecta a nuestras comunidades locales, y creemos que la verdadera mejora de la comunidad depende de la prosperidad de sus miembros.<\/span><\/span>[\/vc_column_text][\/vc_column_inner][\/vc_row_inner][vc_row_inner css=\u00bb.vc_custom_1618293953491{margin-top: 30px !important;background-color: #ffffff !important;}\u00bb][vc_column_inner width=\u00bb1\/2&#8243;][vc_single_image image=\u00bb1462&#8243; img_size=\u00bbfull\u00bb css=\u00bb.vc_custom_1618294312659{margin-bottom: 1px !important;}\u00bb][\/vc_column_inner][vc_column_inner width=\u00bb1\/2&#8243;][vc_column_text]\n<h3><img loading=\"lazy\" decoding=\"async\" class=\"alignleft wp-image-1129\" src=\"https:\/\/leonesmonarcasantarosa.org\/wp-content\/uploads\/2021\/03\/icono-hambre.jpg\" alt=\"\" width=\"60\" height=\"57\" \/>Estad\u00edsticas globales<\/h3>\n[\/vc_column_text][vc_column_text css=\u00bb.vc_custom_1618294328424{padding-right: 20px !important;padding-left: 20px !important;}\u00bb]<span style=\"font-weight: 400; font-size: 14px; color: #000000;\"><br \/>\n-815 millones de personas afectadas por el hambre en 2016: el 11% de la poblaci\u00f3n mundial<\/span><\/p>\n<p><span style=\"font-weight: 400; font-size: 14px; color: #000000;\">-155 millones de ni\u00f1os menores de cinco a\u00f1os sufren retraso en el crecimiento debido a la desnutrici\u00f3n cr\u00f3nica<\/span><\/p>\n<p><span style=\"font-weight: 400; font-size: 14px; color: #000000;\">-1\/3 de la producci\u00f3n anual de alimentos se pierde o desperdicia a lo largo de la cadena de suministro<\/span><\/p>\n<p><span style=\"font-weight: 400; font-size: 14px; color: #000000;\">-El 33% de las mujeres en edad reproductiva padecen anemia<\/span>[\/vc_column_text][\/vc_column_inner][\/vc_row_inner][vc_row_inner css=\u00bb.vc_custom_1618293962182{margin-top: 30px !important;background-color: #ffffff !important;}\u00bb][vc_column_inner width=\u00bb1\/2&#8243;][vc_single_image image=\u00bb1463&#8243; img_size=\u00bbfull\u00bb css=\u00bb.vc_custom_1618294353627{margin-bottom: 1px !important;}\u00bb][\/vc_column_inner][vc_column_inner width=\u00bb1\/2&#8243;][vc_column_text css=\u00bb.vc_custom_1618294366104{margin-top: 40px !important;padding-right: 20px !important;padding-left: 20px !important;}\u00bb]<span style=\"font-weight: 400; font-size: 16px; color: #000000;\"><strong>Colombia<\/strong><\/span><\/p>\n<p><span style=\"font-weight: 400; font-size: 14px; color: #000000;\">-Seg\u00fan el Programa Mundial de Alimentos, m\u00e1s de 10 millones de habitantes en el pa\u00eds tienen un consumo insuficiente de alimentos.<\/span><\/p>\n<p><span style=\"font-weight: 400; font-size: 14px; color: #000000;\">-15 de Octubre de 2020, en la conmemoraci\u00f3n del D\u00eda mundial de la Alimentaci\u00f3n, los 22 bancos de alimentos del pa\u00eds presentaron un balance preocupante sobre la situaci\u00f3n de hambre en Colombia. Aseguraron que m\u00e1s de <\/span><\/p>\n<p><span style=\"font-weight: 400; font-size: 14px; color: #000000;\">-2,7 millones de colombianos sufren de hambre cr\u00f3nica, situaci\u00f3n que empeor\u00f3 con la pandemia.<br \/>\n<\/span><\/p>\n<p><span style=\"font-weight: 400; font-size: 14px; color: #000000;\">-De acuerdo con datos del Programa Mundial de Alimentos, a octubre de 2020, 10,9 millones de colombianos tienen un consumo insuficiente de alimentos, cifra que durante los meses de agosto y septiembre alcanz\u00f3 los 12 millones.<\/span>[\/vc_column_text][\/vc_column_inner][\/vc_row_inner][vc_row_inner css=\u00bb.vc_custom_1618293967842{margin-top: 30px !important;background-color: #ffffff !important;}\u00bb][vc_column_inner width=\u00bb1\/2&#8243;][vc_single_image image=\u00bb1462&#8243; img_size=\u00bbfull\u00bb css=\u00bb.vc_custom_1618294398246{margin-bottom: 1px !important;}\u00bb][\/vc_column_inner][vc_column_inner width=\u00bb1\/2&#8243;][vc_column_text]\n<h3><img loading=\"lazy\" decoding=\"async\" class=\"alignleft wp-image-1129\" src=\"https:\/\/leonesmonarcasantarosa.org\/wp-content\/uploads\/2021\/03\/icono-hambre.jpg\" alt=\"\" width=\"60\" height=\"57\" \/>\u00bfEn qu\u00e9 consiste el programa?<\/h3>\n[\/vc_column_text][vc_column_text css=\u00bb.vc_custom_1618294405469{padding-right: 20px !important;padding-left: 20px !important;}\u00bb]<span style=\"font-weight: 400; font-size: 14px; color: #000000;\">Los Leones y Leos sirven para mejorar el florecimiento humano, y vemos c\u00f3mo la crisis mundial del hambre y la nutrici\u00f3n afecta a nuestras comunidades locales. Creemos que la mejora de la comunidad depende de la prosperidad de sus miembros.<\/span><\/p>\n<p><span style=\"font-weight: 400; font-size: 14px; color: #000000;\">\u00a1Tenemos un plan! Nuestro objetivo estrat\u00e9gico es asegurarnos de que todos los miembros de la comunidad tengan acceso a alimentos nutritivos.<\/span>[\/vc_column_text][\/vc_column_inner][\/vc_row_inner][vc_row_inner css=\u00bb.vc_custom_1618293975004{margin-top: 30px !important;background-color: #ffffff !important;}\u00bb][vc_column_inner width=\u00bb1\/2&#8243;][vc_single_image image=\u00bb1461&#8243; img_size=\u00bbfull\u00bb css=\u00bb.vc_custom_1618294420679{margin-bottom: 1px !important;}\u00bb][\/vc_column_inner][vc_column_inner width=\u00bb1\/2&#8243;][vc_column_text css=\u00bb.vc_custom_1618294429022{margin-top: 50px !important;padding-right: 20px !important;padding-left: 20px !important;}\u00bb]<span style=\"font-weight: 400; font-size: 14px; color: #000000;\">\u00bfSab\u00edas qu\u00e9?<\/span><\/p>\n<p><span style=\"font-weight: 400; font-size: 14px; color: #000000;\">M\u00e1s de 820 millones de personas en todo el mundo padecen hambre cr\u00f3nica y el n\u00famero ha aumentado constantemente en los \u00faltimos a\u00f1os? Los Leones est\u00e1n trabajando para combatir el hambre y LCIF ofrece su apoyo para lograr un gran impacto. Con una subvenci\u00f3n de LCIF Hunger, los Leones pueden tener un impacto de muchas formas diferentes. Pueden establecer un programa de alimentaci\u00f3n escolar para garantizar que los ni\u00f1os tengan la nutrici\u00f3n adecuada para que puedan concentrarse en la escuela. Pueden establecer comedores comunitarios o despensas para proporcionar alimentos a quienes tienen hambre. Los Leones tambi\u00e9n pueden comprar veh\u00edculos que entreguen alimentos a las personas mayores confinadas en sus hogares.<\/span>[\/vc_column_text][\/vc_column_inner][\/vc_row_inner][\/vc_column][\/vc_row][vc_row full_width=\u00bbstretch_row_content\u00bb css=\u00bb.vc_custom_1618294250678{margin-top: 40px !important;margin-bottom: 50px !important;}\u00bb][vc_column offset=\u00bbvc_hidden-lg vc_hidden-md vc_hidden-sm\u00bb][vc_row_inner][vc_column_inner width=\u00bb1\/3&#8243;][mvc_advanced_button align=\u00bbcenter\u00bb icon_position=\u00bbright\u00bb btn_text=\u00bbConoce m\u00e1s\u00bb padding_top=\u00bb15&#8243; btn_size=\u00bb20&#8243; use_theme_fonts=\u00bbyes\u00bb btn_icon=\u00bbfas fa-caret-down\u00bb btn_clr=\u00bb#ffffff\u00bb btn_bg=\u00bb#0d2240&#8243; btn_hvrclr=\u00bb#ffffff\u00bb btn_hvrbg=\u00bb#0d2240&#8243; btn_radius=\u00bb5&#8243; btn_url=\u00bburl:https%3A%2F%2Fleonesmonarcasantarosa.org%2Fsalvando-100-vidas%2F|title:Salvando%20100%20Vidas||\u00bb][\/vc_column_inner][vc_column_inner width=\u00bb1\/3&#8243; css=\u00bb.vc_custom_1618294503253{margin-top: 20px !important;}\u00bb][mvc_advanced_button align=\u00bbcenter\u00bb btn_text=\u00bbApoya esta causa <strong>Donar<\/strong>\u00bb padding_top=\u00bb15&#8243; btn_size=\u00bb20&#8243; use_theme_fonts=\u00bbyes\u00bb btn_clr=\u00bb#000000&#8243; btn_bg=\u00bb#e6b200&#8243; btn_hvrclr=\u00bb#000000&#8243; btn_hvrbg=\u00bb#e6b200&#8243; btn_radius=\u00bb5&#8243; btn_url=\u00bburl:https%3A%2F%2Fleonesmonarcasantarosa.org%2Fdonar%2F|title:Donar||\u00bb][\/vc_column_inner][vc_column_inner width=\u00bb1\/3&#8243; css=\u00bb.vc_custom_1618294509706{margin-top: 20px !important;}\u00bb][mvc_advanced_button align=\u00bbcenter\u00bb btn_text=\u00bb\u00bfQuieres conocer m\u00e1s? <strong>Escr\u00edbenos<\/strong>\u00bb padding_top=\u00bb15&#8243; padding_left=\u00bb10&#8243; btn_size=\u00bb20&#8243; use_theme_fonts=\u00bbyes\u00bb btn_clr=\u00bb#000000&#8243; btn_bg=\u00bb#ff5100&#8243; btn_hvrclr=\u00bb#000000&#8243; btn_hvrbg=\u00bb#ff5100&#8243; btn_radius=\u00bb5&#8243; btn_url=\u00bburl:https%3A%2F%2Fleonesmonarcasantarosa.org%2Fcontactanos%2F|title:Cont%C3%A1ctanos||\u00bb][\/vc_column_inner][\/vc_row_inner][\/vc_column][\/vc_row]\n<\/div>","protected":false},"excerpt":{"rendered":"<p>[vc_row full_width=\u00bbstretch_row_content\u00bb][vc_column][\/vc_column][\/vc_row][vc_row css=\u00bb.vc_custom_1617175887229{background-position: center !important;background-repeat: no-repeat !important;background-size: contain !important;}\u00bb][vc_column offset=\u00bbvc_hidden-xs\u00bb][vc_row_inner css=\u00bb.vc_custom_1617175897275{background-color: #ffffff !important;}\u00bb][vc_column_inner width=\u00bb1\/2&#8243;][vc_single_image image=\u00bb1461&#8243; img_size=\u00bbfull\u00bb css=\u00bb.vc_custom_1617175834694{margin-top: -35px !important;margin-bottom: 1px !important;margin-left: -18px !important;}\u00bb][\/vc_column_inner][vc_column_inner width=\u00bb1\/2&#8243; css=\u00bb.vc_custom_1617176724667{padding-left: 50px !important;}\u00bb][vc_column_text css=\u00bb.vc_custom_1617176900947{margin-top: 100px !important;padding-right: 100px !important;}\u00bb] Datos sobre el hambre [\/vc_column_text][vc_column_text] Servimos para mejorar el florecimiento humano. Vemos c\u00f3mo la crisis mundial del hambre y la nutrici\u00f3n afecta a nuestras comunidades locales, y creemos que la verdadera mejora de la comunidad depende de la prosperidad de sus miembros.[\/vc_column_text][\/vc_column_inner][\/vc_row_inner][vc_row_inner css=\u00bb.vc_custom_1618293953491{margin-top: 30px !important;background-color: #ffffff !important;}\u00bb][vc_column_inner width=\u00bb1\/2&#8243; css=\u00bb.vc_custom_1617176274322{margin-left: 30px !important;}\u00bb][vc_column_text css=\u00bb.vc_custom_1617176717946{margin-top: 30px !important;padding-right: 100px !important;}\u00bb] Estad\u00edsticas globales [\/vc_column_text][vc_column_text] -815 millones de personas afectadas por el hambre en 2016: el 11% de la poblaci\u00f3n mundial -155 millones de ni\u00f1os menores de cinco a\u00f1os sufren retraso en el crecimiento debido a la desnutrici\u00f3n cr\u00f3nica -1\/3 de la producci\u00f3n anual de alimentos se pierde o desperdicia a lo largo de la cadena de suministro -El 33% de las mujeres en edad reproductiva padecen anemia[\/vc_column_text][\/vc_column_inner][vc_column_inner width=\u00bb1\/2&#8243;][vc_single_image image=\u00bb1462&#8243; img_size=\u00bbfull\u00bb css=\u00bb.vc_custom_1617176817145{margin-top: -35px !important;margin-right: 35px !important;margin-bottom: 1px !important;}\u00bb][\/vc_column_inner][\/vc_row_inner][vc_row_inner css=\u00bb.vc_custom_1618293962182{margin-top: 30px !important;background-color: #ffffff !important;}\u00bb][vc_column_inner width=\u00bb1\/2&#8243;][vc_single_image image=\u00bb1463&#8243; img_size=\u00bbfull\u00bb css=\u00bb.vc_custom_1617176229391{margin-top: -35px !important;margin-bottom: 1px !important;margin-left: -18px !important;}\u00bb][\/vc_column_inner][vc_column_inner width=\u00bb1\/2&#8243; css=\u00bb.vc_custom_1617176491058{margin-right: 30px !important;padding-left: 50px !important;}\u00bb][vc_column_text css=\u00bb.vc_custom_1617176872583{margin-top: 40px !important;}\u00bb]Colombia -Seg\u00fan el Programa Mundial de Alimentos, m\u00e1s de 10 millones de habitantes en el pa\u00eds tienen un consumo insuficiente de alimentos. -15 de Octubre de 2020, en la conmemoraci\u00f3n del D\u00eda mundial de la Alimentaci\u00f3n, los 22 bancos de alimentos del pa\u00eds presentaron un balance preocupante sobre la situaci\u00f3n de hambre en Colombia. Aseguraron que m\u00e1s de -2,7 millones de colombianos sufren [&hellip;]<\/p>\n","protected":false},"author":5,"featured_media":0,"parent":0,"menu_order":0,"comment_status":"closed","ping_status":"closed","template":"","meta":{"footnotes":""},"class_list":["post-1126","page","type-page","status-publish","hentry"],"_links":{"self":[{"href":"https:\/\/leonesmonarcasantarosa.org\/index.php?rest_route=\/wp\/v2\/pages\/1126","targetHints":{"allow":["GET"]}}],"collection":[{"href":"https:\/\/leonesmonarcasantarosa.org\/index.php?rest_route=\/wp\/v2\/pages"}],"about":[{"href":"https:\/\/leonesmonarcasantarosa.org\/index.php?rest_route=\/wp\/v2\/types\/page"}],"author":[{"embeddable":true,"href":"https:\/\/leonesmonarcasantarosa.org\/index.php?rest_route=\/wp\/v2\/users\/5"}],"replies":[{"embeddable":true,"href":"https:\/\/leonesmonarcasantarosa.org\/index.php?rest_route=%2Fwp%2Fv2%2Fcomments&post=1126"}],"version-history":[{"count":30,"href":"https:\/\/leonesmonarcasantarosa.org\/index.php?rest_route=\/wp\/v2\/pages\/1126\/revisions"}],"predecessor-version":[{"id":1132,"href":"https:\/\/leonesmonarcasantarosa.org\/index.php?rest_route=\/wp\/v2\/pages\/1126\/revisions\/1132"}],"wp:attachment":[{"href":"https:\/\/leonesmonarcasantarosa.org\/index.php?rest_route=%2Fwp%2Fv2%2Fmedia&parent=1126"}],"curies":[{"name":"wp","href":"https:\/\/api.w.org\/{rel}","templated":true}]}}